pose -5*m + 36 = -m. Let p = m + z. What is the units digit of p?
6
Suppose 4*c = 3 + 17. Suppose -5*n - 5*g = -30, 0*n + c*g = 5*n - 20. What is the units digit of n?
5
Let m be 12 - 13 - (-6 - -1). Suppose 0 = 5*o - m*d - 129, 4*o - o - 2*d - 79 = 0. What is the tens digit of o?
2
Let i = -8 - -14. Suppose i*r - 27 = 3*r + 4*p, 2*p = r - 11. What is the units digit of r?
5
Suppose 4*g - 20 = 3*q - q, -8 = -q - 4*g. What is the tens digit of 72*q*(-3)/24?
3
Suppose -u + 3 = 0, -3*u + 22 = -4*q - u. Let f be 6/(1 - 2/q). Suppose 2*i + 36 = 6*i - 4*c, -5*i + f*c + 50 = 0. What is the units digit of i?
4
Suppose -6*f = -3*f, -4*n - 3*f + 4 = 0. Let p(z) = 10*z**3 + z**2 - z. What is the units digit of p(n)?
0
Let b(v) = -v**2 - v. Let z be b(-4). Suppose -14 = 3*r + 16. Let j = r - z. What is the units digit of j?
2
Let z(u) = u + 3. Let n be z(-6). Let h be (24/10)/(n/(-10)). Let j = -5 + h. What is the units digit of j?
3
Suppose 5*z - 616 = -9*z. What is the tens digit of z?
4
Suppose -2*w - 32 = -4*r, 0*r - 18 = -2*r + 2*w. Let s(q) = q**3 - 7*q**2 + 7. What is the units digit of s(r)?
7
Let m(v) be the third derivative of v**6/120 - v**4/8 + v**3/2 - 4*v**2. What is the tens digit of m(3)?
2
What is the units digit of (-45)/5*12/(-9)?
2
Suppose 0 = 2*o - 2*a - 8, 5*o - 12 = -0*o + 3*a. Suppose 4*x + 3 - 19 = o. What is the units digit of x?
4
Suppose 204 = 4*q + 4*v, 4*q = -2*v + v + 213. What is the units digit of q?
4
Let p(c) = -c**3 + 3*c**2 + 4*c - 2. What is the tens digit of p(3)?
1
Let k(t) = -5*t**3 - t**2 + 0*t**3 + 2 - 1 + t. Let x be k(-1). Suppose -7 = -x*b + 9. What is the units digit of b?
4
Let i(g) = 57*g - 9. What is the hundreds digit of i(4)?
2
Suppose -i = -0 + 5, -335 = -3*h + i. Suppose 3*r - h = 5*n, -n + 80 = 2*r - 6*n. What is the tens digit of r?
3
What is the tens digit of 12/(-3) + 4 + 57?
5
What is the units digit of ((-57)/4 + 1)/(31/(-124))?
3
Let w(n) = n + 10. Let h be w(-7). Suppose 27 = -a - h. What is the units digit of ((-4)/10)/(3/a)?
4
Let r = 98 - 90. Let w(f) = 4*f - 9. Let o(i) = -9*i + 18. Let n(u) = -3*o(u) - 7*w(u). What is the units digit of n(r)?
1
Suppose d + 33 - 114 = -2*o, -167 = -2*d - 3*o. What is the units digit of d?
1
Suppose -3*n + 29 = -13. Suppose 0 = -2*q + 3*q - n. What is the tens digit of q?
1
Let m be 1/((-14)/(-13) - 1). Let f = m - 28. Let j = 23 + f. What is the units digit of j?
8
Suppose 2*l = -5*n + 2 + 18, -5*l = -4*n + 16. Suppose -q = -4 - l. What is the units digit of q?
4
Let x(s) = -s**2 - 10*s - 6. Let w = -3 - 4. Let p be x(w). Suppose 4*u - 1 = p. What is the units digit of u?
4
Let t = 9 - 0. Suppose 0 = 4*k - 5*h - 180, -45 - t = -k - h. Suppose -f = 2*z - 17, 5*f - 2*z - k = -5*z. What is the units digit of f?
7
What is the tens digit of 4/6*(1768/16 - -2)?
7
Let j = -82 + 146. What is the units digit of j?
4
Suppose -5 = 3*b + 2*b. Let h be (-1 - 0)/(b/8). Suppose 3*k + k - h = 0. What is the units digit of k?
2
Let k = -161 + 234. What is the units digit of k?
3
Suppose -m + 6 - 2 = 0. What is the units digit of m?
4
Let p be 2/11 - 766/(-22). Suppose 0 = -4*d - g + 3, 5*d - p = -2*g + 7*g. Suppose o - 3*y = d*y + 24, 8 = -2*y. What is the units digit of o?
4
What is the tens digit of 1/(4983/(-831) - -6)?
7
Let t = 4 - 42. Let r = -26 - t. What is the units digit of r?
2
Let j be (-6 - -3)/3 + 3. Suppose -j = -a - 0*a. Suppose a*w - 18 = -w. What is the units digit of w?
6
Let l(o) = -11*o**3 - 13*o**2 - o + 4. Let a(u) = -5*u**3 - 6*u**2 + 2. Let y(f) = -9*a(f) + 4*l(f). Let b = 31 - 34. What is the units digit of y(b)?
1
Suppose 2*o + 0 - 4 = 0. Suppose 0 = o*z - 2*b - 66, z = b - 5*b + 48. What is the units digit of z?
6
Let h(x) = -x**3 - x**2 + 20. Let c be h(0). Let o be c/(-6)*132/(-8). Suppose -5*l + 71 = -3*q, 5*q - o = -7*l + 2*l. What is the tens digit of l?
1
Suppose 0 = -m - 2*m + 6, 3*m + 3 = h. Let x be 1 + 3/h*3. Suppose -3*g + 2 = -x*g. What is the units digit of g?
2
Suppose -l = 2*r, 5*r + 2 = -5*l + 12. Suppose -2*w + 28 = 5*j, 2*j = l*w - 2*j - 56. What is the tens digit of w?
1
Suppose 4*u = -4*t, 8*t = 3*t - 2*u + 15. Suppose -2*z + 15 = t. Suppose 2*n - 4*n + z*i + 9 = 0, 5*n - 36 = -i. What is the units digit of n?
7
Let x = 20 + -14. Let z(t) = t**3 - 6*t**2 + t - 5. Let u be z(x). Suppose c + 0 = u. What is the units digit of c?
1
Let q(h) = h**3 - 9*h**2 + 9*h + 6. What is the units digit of q(8)?
4
Let z(t) be the first derivative of t**3/3 + t**2/2 - t - 8. What is the tens digit of z(6)?
4
Let j = -20 + 37. What is the tens digit of j?
1
Let t be (1*4)/(32/24). Let c(x) = 3*x + 2. Let f(m) = 3*m + 3. Let s(l) = 4*c(l) - 3*f(l). What is the units digit of s(t)?
8
Let y be 42/8 - 4/16. Let d be (-2)/y - 66/(-15). Suppose 4*n = -d*r + 12, 4*r + n = 6*n - 6. What is the units digit of r?
1
Let p = 20 + 169. What is the tens digit of p?
8
What is the units digit of ((-9)/(-18))/((-1)/(-304)) - 2?
0
Let n(o) = o**2 - 6*o - 2. Let h(z) be the third derivative of 2*z**5/15 - z**4/12 + z**3/6 + 2*z**2. Let c be h(1). What is the units digit of n(c)?
5
Suppose 0 = m - 0*p - 2*p + 8, 4*m + p = 13. What is the units digit of m?
2
Suppose -2*z + 76 = -4*s - 0*s, 205 = 5*z - 5*s. What is the tens digit of z?
4
Suppose v + 30 - 4 = 0. Let t = v + 18. What is the units digit of (6/4)/((-3)/t)?
4
Let x(r) = -r**3 + r**2 + 6. Suppose -2*v + v - 3 = 0. Let p = v - -3. What is the units digit of x(p)?
6
Let b(k) = -k**3 - 4*k**2 + 4*k + 8. Let q be b(-6). Suppose -10*v + 6 = -8*v. Suppose v*t + t = q. What is the units digit of t?
4
What is the units digit of (30 - -1)*-18*(-10)/60?
3
Suppose 0 = y + 2*y - 21. Let o = y - 16. Let a = -6 - o. What is the units digit of a?
3
Suppose -4*z - n + 276 - 12 = 0, 3*n = 12. What is the tens digit of z?
6
Suppose 2*g = -3*h - 6, 3*h = -5*g - 2 - 4. Let i be 1 - g - (-2 - 9). Suppose 4*b = 8*b - i. What is the units digit of b?
3
Let x = -3 + 4. What is the tens digit of 4*(4 + 0)/x?
1
Let w be 60/14 - 10/35. Suppose -w*r = 5 - 73. What is the tens digit of r?
1
Suppose -p + 5*w = 14, 2*p + 2*p - w - 1 = 0. Let j = 0 + p. What is the units digit of j?
1
Let u(p) = -5*p - 1. What is the tens digit of u(-5)?
2
Let n = 44 + -12. Suppose 6 = 4*a - 5*h + 20, 0 = -5*a - h - n. What is the units digit of 2*((-21)/a + 1)?
9
Let v(k) be the first derivative of -k**2 + 37*k - 4. What is the units digit of v(0)?
7
Suppose 0 = 5*k - 11 - 49. What is the tens digit of k?
1
Let m = -252 + 462. Suppose -h + m = 4*h. What is the tens digit of h?
4
Let n(r) = 3*r + 23. What is the tens digit of n(9)?
5
What is the units digit of ((-10)/(-3))/(1 + 37/(-39))?
5
Suppose -5*m = -5*x + 50, -4*x - 2*m + 5*m + 35 = 0. Suppose x*p - 3*r - 40 = 0, -p + 2 = -2*r - 6. What is the units digit of p?
8
Suppose 0*g + g - 6 = 0. Let z(x) = x**2 - 3*x**2 - 31 + 8*x + x**2 + 35. What is the tens digit of z(g)?
1
What is the tens digit of (0 - -1)/(3/114)?
3
What is the units digit of (-12)/(-3) + (18 - -4)?
6
Suppose v - 290 = -115. What is the units digit of v?
5
Let g(j) = -j**2 - 8*j - 3. Let a be g(-7). What is the units digit of (-176)/(-77) + a/(-14)?
2
Let i = -1 + -3. Let j = 7 - i. What is the units digit of j?
1
Let x be 1/(-3) + (-125)/(-15). Suppose 5*a + 63 = x*a. What is the tens digit of a?
2
Let t(x) = -x**3 - 6*x**2 + 6*x - 5. Let u be 1*(-9 - (1 + -3)). Let p be t(u). Let c = p - 1. What is the units digit of c?
1
What is the units digit of (141/(-30))/(4/10)*-20?
5
Suppose 5*g - 1 = 34. What is the tens digit of 216/g + (-8)/(-56)?
3
Suppose 0 = 4*r - 22 + 10. Suppose -l = -4*l - 3*m + 42, -l + r*m + 22 = 0. Suppose -5*v - h + 2 = -l, -22 = -3*v + 5*h. What is the units digit of v?
4
Let q(x) = x**2 - 5*x + 7. Let p be q(6). Suppose 3 + p = c. Let f = -10 + c. What is the units digit of f?
6
Suppose 77 = 3*z + t, -3*t + 21 + 60 = 3*z. Let f = z - 1. What is the units digit of f?
4
Let f = -4 - -7. Let t = -9 + f. Let s = 7 + t. What is the units digit of s?
1
Let p(z) = -11*z**2 - 14*z - 17. Let k(q) = 7*q + 5*q**2 + 1 + 4 - 3 + 6. Let s(t) = 13*k(t) + 6*p(t). What is the units digit of s(5)?
2
Let h(p) = 62*p**3 + p**2 - p + 1. Let c be h(1). What is the units digit of 1*c*6/9?
2
Let q = 6 + -4. Let k = 2 - q. What 